.
-10
Let q(c) = -2*c**2 - 2*c + 168. Give q(-10).
-12
Let g(r) = -30*r**2 - 21*r - 6. Determine g(0).
-6
Let d(b) = b**2 - 378*b + 12593. What is d(37)?
-24
Let w(z) = -z**2 - 84*z - 1758. What is w(-46)?
-10
Let s(b) = 7*b + 30. What is s(-1)?
23
Let g(b) = 567*b - 1029. Calculate g(2).
105
Let s(o) = o**3 - 97*o**2 - 500*o - 1021. Determine s(102).
-1
Let r(z) = -8737*z + 43681. Calculate r(5).
-4
Let z(y) = -2*y**3 - 35*y**2 + 201*y + 3. Give z(-22).
-63
Let s(l) = -3*l**2 + 13*l + 293. Determine s(-8).
-3
Let c(u) = -1021*u - 2999. Give c(-3).
64
Let f(q) = q**2 + 386*q + 3794. Calculate f(-10).
34
Let v(z) = -10739*z - 21481. What is v(-2)?
-3
Let o(a) = 39*a - 48. What is o(-2)?
-126
Let r(c) = 4693*c + 28166. Determine r(-6).
8
Let z(s) = 52*s**2 - 2*s + 2. What is z(1)?
52
Let j(y) = y**3 + 13*y**2 + 10*y - 15. Determine j(-11).
117
Let y(a) = a**3 + 2*a**2 + 5*a - 17. What is y(2)?
9
Let g(y) = -36*y - 907. What is g(-25)?
-7
Let c(t) = -t**2 + 4*t - 14. What is c(5)?
-19
Let t(r) = -266*r**2 + 1875*r - 83. Determine t(7).
8
Let q(p) = 16*p + 301. Give q(-14).
77
Let r(t) = -79*t + 719. Give r(11).
-150
Let q(v) = 6*v**3 + 4*v**2 + v - 13. What is q(-3)?
-142
Let k(z) = z**3 + 55*z**2 + 102*z - 203. Give k(-53).
9
Let c(x) = x**3 - 74*x**2 + 28*x - 2070. Calculate c(74).
2
Let y(m) = -2*m**3 - 33*m**2 - m + 649. Give y(-15).
-11
Let m(p) = p**2 - 73*p - 307. Determine m(-4).
1
Let s(h) = -h**2 - 15*h + 138. Calculate s(8).
-46
Let w(t) = t**3 + 17*t**2 + 5*t + 91. Calculate w(-17).
6
Let v(z) = 8*z**2 - 105*z + 316. Give v(10).
66
Let t(v) = -2*v**3 + 8*v**2 - 10. Determine t(3).
8
Let n(p) = -67*p**2 - 74*p - 154. Calculate n(-2).
-274
Let f(g) = -g**3 + 15*g**2 - 31*g + 15. Calculate f(13).
-50
Let x(t) = 6950*t + 48677. Give x(-7).
27
Let n(b) = -122*b**2 - 2083*b - 143. What is n(-17)?
10
Let w(n) = 448*n - 11636. Calculate w(26).
12
Let d(f) = -10*f**2 - 193*f - 72. What is d(-19)?
-15
Let l(k) = -k**3 + 25*k**2 - 72*k + 145. Give l(22).
13
Let d(f) = f**3 - 37*f**2 + 2*f - 58. What is d(37)?
16
Let w(a) = 2*a**2 + 6*a + 18. Determine w(-2).
14
Let q(k) = k**2 - 32*k - 1418. Give q(-25).
7
Let c(x) = 22*x - 929. Determine c(42).
-5
Let v(s) = 132*s + 146. What is v(-1)?
14
Let y(m) = -107*m + 4063. Calculate y(38).
-3
Let g(z) = -z**3 + 4*z**2 - 18*z - 22. Calculate g(3).
-67
Let q(f) = -30*f**2 - 23*f + 9. Give q(-6).
-933
Let w(a) = 3*a**2 - 290*a + 450. Determine w(95).
-25
Let g(c) = 4*c**3 - c**2 + 11*c + 5. Give g(0).
5
Let b(z) = 262*z - 7337. Determine b(28).
-1
Let a(c) = 856*c - 20560. Calculate a(24).
-16
Let n(z) = 205*z + 21. Determine n(-2).
-389
Let x(i) = -2*i**2 + 52*i + 127. Give x(27).
73
Let y(a) = -29*a + 150. Calculate y(7).
-53
Let u(o) = 73*o**2 + 20*o + 10. What is u(-3)?
607
Let f(x) = x**2 - 16*x + 85. Calculate f(0).
85
Let i(b) = -603*b - 52428. Calculate i(-87).
33
Let c(g) = -6*g**2 + 49*g + 4. Determine c(6).
82
Let p(b) = -122*b - 7572. Give p(-62).
-8
Let l(q) = -21*q - 66. Calculate l(-3).
-3
Let h(o) = -31*o - 509. Determine h(-16).
-13
Let u(p) = 4*p + 133. Give u(-28).
21
Let u(f) = 40*f + 587. Determine u(13).
1107
Let n(h) = 2*h**3 - h**2 + 8*h + 39. Calculate n(0).
39
Let u(n) = -20*n**3 + 4*n**2 - 9*n - 11. What is u(-1)?
22
Let a(l) = -l**3 - 29*l**2 - 73*l - 2124. What is a(-29)?
-7
Let x(q) = 1259*q**2 + 10078*q + 40. Give x(-8).
-8
Let a(b) = b**2 - 30*b - 351. What is a(38)?
-47
Let o(q) = -q**3 - 31*q**2 + 145*q + 240. What is o(-35)?
65
Let g(n) = -40*n - 47. Give g(-3).
73
Let b(u) = u**3 - 5*u**2 - 9*u + 30. What is b(2)?
0
Let y(o) = -26*o - 6. What is y(3)?
-84
Let h(w) = -322*w + 1915. Give h(6).
-17
Let x(b) = 12*b + 3. Give x(-1).
-9
Let y(l) = 28*l + 729. Determine y(-24).
57
Let z(d) = -23*d**3 + 8*d - 15. Determine z(2).
-183
Let v(s) = -152*s**2 - 611*s - 3. What is v(-4)?
9
Let u(t) = -t**2 + 24*t - 71. Give u(3).
-8
Let r(c) = 3*c**2 + 128*c + 311. Determine r(-40).
-9
Let z(r) = -r**3 - 2*r**2 + 29*r + 83. Calculate z(-4).
-1
Let l(v) = 14*v - 85. Give l(5).
-15
Let g(n) = 61*n + 1025. Determine g(-16).
49
Let d(v) = -v**2 + 539*v + 3266. What is d(-6)?
-4
Let o(r) = -6*r**2 + 105*r + 39. Determine o(18).
-15
Let m(t) = 42*t - 62. What is m(9)?
316
Let h(m) = 189*m + 9274. What is h(-49)?
13
Let o(k) = 10*k - 878. What is o(89)?
12
Let d(k) = -272*k + 9205. Calculate d(34).
-43
Let y(g) = -g**3 - 6*g**2 + 18*g - 1. Give y(-9).
80
Let d(m) = -195*m + 1882. Calculate d(10).
-68
Let u(x) = -1696*x + 6781. What is u(4)?
-3
Let d(f) = 14*f - 141. What is d(14)?
55
Let i(u) = 31*u + 75. Determine i(-4).
-49
Let c(t) = 2*t**2 + 1006*t + 4001. What is c(-4)?
9
Let a(s) = 2626*s + 63022. Give a(-24).
-2
Let q(n) = 86*n - 8. Give q(-1).
-94
Let c(n) = 7*n**3 - 470*n**2 + 529*n - 61. Give c(66).
5
Let n(s) = 9*s**2 - 537*s + 68. Give n(61).
800
Let r(y) = 981*y + 9808. Give r(-10).
-2
Let z(h) = 2*h**2 - 125*h + 1260. Determine z(50).
10
Let b(q) = -30*q**2 + 3*q + 2. Give b(3).
-259
Let z(y) = y**3 + 9*y**2 - 27. Give z(-7).
71
Let u(z) = z**3 + 37*z**2 - 165*z - 11. What is u(-41)?
30
Let c(v) = v**3 + 10*v**2 - 12*v + 13. Calculate c(-7).
244
Let i(t) = -4*t**2 - 16*t - 146. Give i(7).
-454
Let r(b) = 5*b**3 + 2*b**2 - 2*b + 1. Determine r(1).
6
Let n(z) = -z - 360. Give n(40).
-400
Let l(f) = f**2 - 80*f + 205. Give l(78).
49
Let c(k) = 21*k + 393. What is c(-29)?
-216
Let l(n) = -4*n**2 + 26*n + 323. Determine l(18).
-505
Let c(t) = -4*t**2 - 9. What is c(9)?
-333
Let u(m) = m**2 + 234*m + 12065. Determine u(-77).
-24
Let q(h) = -2*h**2 + h - 50. Determine q(5).
-95
Let h(b) = -b**3 - 10*b**2 + 161*b + 309. Calculate h(-18).
3
Let w(k) = k**2 - 2*k + 45. What is w(0)?
45
Let u(f) = 6*f**2 + 144*f - 15. Calculate u(0).
-15
Let y(l) = l**2 - 58*l + 772. Calculate y(37).
-5
Let j(c) = c**3 + 9*c**2 - 1288*c - 11596. Determine j(-9).
-4
Let m(p) = -3*p**3 + 81*p**2 + 1552*p - 111. Give m(-13).
-7
Let z(c) = -3*c**2 - 35*c - 162. Determine z(-4).
-70
Let m(z) = z**3 - 5*z**2 - 73. Calculate m(6).
-37
Let h(v) = -2*v**3 - 24*v**2 - 12*v - 19. Determine h(-11).
-129
Let m(t) = 4*t**2 + 171*t + 99. Calculate m(-41).
-188
Let h(g) = g**2 + 517*g + 7506. Give h(-15).
-24
Let k(b) = 417*b + 13399. Calculate k(-32).
55
Let c(n) = 60*n + 460. Determine c(-11).
-200
Let z(n) = -n**3 + 16*n**2 - 10*n - 54. Calculate z(15).
21
Let q(t) = -76*t - 45. Calculate q(-2).
107
Let f(d) = -152*d - 1057. Give f(-7).
7
Let k(d) = d**3 + 11*d**2 - 76*d + 42. Calculate k(-16).
-22
Let p(y) = -8*y**2 + 244*y - 921. What is p(26)?
15
Let p(f) = 2*f**3 + 64*f**2 - 216*f - 67. What is p(-35)?
143
Let s(y) = 8*y**3 - 27*y**2 + 3. Determine s(4).
83
Let g(p) = -p**2 + 16*p - 2. What is g(-5)?
-107
Let f(v) = 17*v**3 - 441*v**2 - 25*v - 21. Determine f(26).
5
Let s(n) = 405*n + 105. Determine s(-1).
-300
Let j(z) = 71*z + 589. What is j(-7)?
92
Let p(x) = 6*x - 258. Determine p(37).
-36
Let l(t) = -2*t**3 - 5*t**2 + 26*t + 89. Give l(-4).
33
Let u(b) = -b**3 - 4*b**2 + 9*b + 11. What is u(-6)?
29
Let h(f) = -612*f - 29. Give h(-1).
583
Let u(l) = 236*l + 3540. What is u(-15)?
0
Let o(u) = -u**3 - 8*u**2 + 78*u - 16. What is o(6)?
-52
Let j(u) = 73*u + 1796. Calculate j(-28).
-248
Let b(w) = 2*w**3 - 20*w**2 - 40*w - 91. What is b(12)?
5
Let v(p) = -2*p**3 + 15*p**2 - 15*p - 36. Calculate v(7).
-92
Let h(l) = -l**3 + 6*l**2 - 8*l. Calculate h(7).
-105
Let l(u) = 92*u - 366. Determine l(4).
2
Let x(l) = -l**2 + 66*l - 708. Calculate x(27).
345
Let c(m) = 16*m + 146. Give c(-14).
-78
Let k(m) = -m**3 - 42*m**2 + 134*m + 5636. Calculate k(-42).
8
Let s(y) = -2*y**3 + 55*y**2 + 214*y + 60. What is s(31)?
-33
Let d(c) = -358*c + 8235. Calculate d(23).
1
Let s(a) = a**3 + 7*a**2 - 17*a + 20. What is s(-9)?
11
Let n(z) = z**3 + 15*z**2 + 15*z - 94. Determine n(-13).
49
Let w(i) = -i**3 + 15*i**2 + 28*i + 26. Determine w(14).
614
Let s(y) = y**3 - 23*y**2 - 9*y + 123. Calculate s(22).
-559
Let f(u) = -u**3 + 2*u**2 + 6*u - 3. What is f(3)?
6
Let z(o) = 1051*o - 11573. Calculate z(11).
-12
Let r(z) = -z**2 - 378*z + 4678. Determine r(12).
-2
Let j(x) = -30*x**3 + 7*x**2 + 6*x + 5. Determine j(-3).
860
Let h(o) = 14*o + 121. Calculate h(-9).
-5
Let s(x) = x**2 + 11*x - 83. Calculate s(-17).
19
Let m(o) = -o**2 - 